4d
In base 8, what is 631066 + -2?
631064
In base 15, what is -262 + -1a8?
-41a
In base 10, what is 4 + 40386?
40390
In base 13, what is -a - 16893?
-168a0
In base 15, what is 32 - -5d96?
5dc8
In base 11, what is 1285 - -11?
1296
In base 12, what is 1596 - 137?
145b
In base 9, what is 7287 + -1?
7286
In base 6, what is -215 - -24021?
23402
In base 7, what is -113432 - 3?
-113435
In base 14, what is -3 + 12362?
1235d
In base 3, what is 22212202 - 2112?
22210020
In base 10, what is 915 + 2817?
3732
In base 15, what is -932 + 2c?
-905
In base 7, what is 153 + 2164?
2350
In base 6, what is 55 + -215?
-120
In base 6, what is 4103 + 134?
4241
In base 8, what is 17532 + 20?
17552
In base 13, what is -5 + -5911b6?
-5911bb
In base 12, what is 350751 + 0?
350751
In base 9, what is -14 + 4401?
4376
In base 14, what is -303a + -5?
-3041
In base 10, what is -2 + 9379?
9377
In base 5, what is 221322 - 31?
221241
In base 6, what is 141521511 - 1?
141521510
In base 14, what is -9 - -16454?
16449
In base 4, what is 11 - -200112?
200123
In base 10, what is 0 - -60495?
60495
In base 10, what is -12 - -507111?
507099
In base 9, what is -4475 + -24?
-4510
In base 13, what is 5 - 48c68?
-48c63
In base 2, what is 1011000111 - 100001?
1010100110
In base 15, what is 195cb - -15?
195e1
In base 15, what is 74 - -6220?
6294
In base 2, what is 111001011000 - -10000?
111001101000
In base 2, what is -1 + -100000001001111101?
-100000001001111110
In base 12, what is -8a2b - -3?
-8a28
In base 12, what is -b011 + -4?
-b015
In base 11, what is -20 + -2265?
-2285
In base 8, what is -131 + -5454?
-5605
In base 5, what is 1222200 + -311?
1221334
In base 15, what is -65 + 4007?
3e92
In base 4, what is -22123 - 1200?
-23323
In base 7, what is -2002 - -226?
-1443
In base 3, what is 20 - -21211101?
21211121
In base 8, what is -1433 - -506?
-725
In base 7, what is 234106 + 11?
234120
In base 2, what is -111010000011111010 + -1?
-111010000011111011
In base 4, what is -1012 - 11?
-1023
In base 9, what is -1 + -75323?
-75324
In base 10, what is -10570 + 5?
-10565
In base 13, what is 220c + 31?
2240
In base 9, what is -1 - -2622522?
2622521
In base 10, what is 285 + -3480?
-3195
In base 7, what is -215206 + -4?
-215213
In base 6, what is 35 + -2023?
-1544
In base 2, what is -1000110 - 10110011001?
-10111011111
In base 15, what is -165d3 + -3?
-165d6
In base 4, what is -2100 - -30?
-2010
In base 4, what is 11220333 - 2?
11220331
In base 11, what is -528 + -3?
-530
In base 8, what is 1 - -23130?
23131
In base 6, what is 13314241 + 10?
13314251
In base 12, what is -9 - 1b3b93?
-1b3ba0
In base 14, what is 2a686 + 2?
2a688
In base 10, what is -5 + -1994?
-1999
In base 6, what is 0 + -42343311?
-42343311
In base 5, what is -4 + -24022?
-24031
In base 9, what is -1 + -73581?
-73582
In base 3, what is -112 + -220222111?
-221000000
In base 5, what is -114011 + -10?
-114021
In base 3, what is -11002 + 20001011?
12220002
In base 9, what is -2 - 820512?
-820514
In base 10, what is -11 + 15509?
15498
In base 7, what is 1 - -54211?
54212
In base 13, what is 51436 - -2?
51438
In base 12, what is 0 + 16802?
16802
In base 3, what is 10001121 - -1121?
10010012
In base 10, what is 0 + 923724?
923724
In base 14, what is 3 - -1b4aac?
1b4ab1
In base 8, what is 5 + 516407?
516414
In base 11, what is 5 + 106749?
106753
In base 4, what is 1110331 - 2300?
1102031
In base 3, what is -10120022120 + -10?
-10120022200
In base 8, what is -4 + 6440?
6434
In base 3, what is 111021 - 12210?
21111
In base 8, what is 6 + 657417?
657425
In base 4, what is 3 + 1100102320?
1100102323
In base 2, what is -1000101 - -101101110110101?
101101101110000
In base 6, what is -33342 + 13?
-33325
In base 11, what is -2754 - 439?
-3092
In base 14, what is 5da - -373?
96d
In base 16, what is 4 + d0ec?
d0f0
In base 3, what is 1122 - 110212112?
-110210220
In base 12, what is -633921 - -1?
-633920
In base 10, what is -661 + -99?
-760
In base 10, what is 59003 - 21?
58982
In base 6, what is -1105425 + 13?
-1105412
In base 5, what is 31211131 - 10?
31211121
In base 12, what is 5 - -24894?
24899
In base 3, what is 2 + -1010022220212?
-1010022220210
In base 16, what is -1e - -23c80?
23c62
In base 11, what is -203 - -652?
44a
In base 12, what is 31 - 4b8?
-487
In base 2, what is -1100011000111110011 - -1?
-1100011000111110010
In base 2, what is -101111011101110 + -100011?
-101111100010001
In base 4, what is -131012 + -10?
-131022
In base 8, what is 2 - -45663?
45665
In base 2, what is 10111011111111000 - -10000?
10111100000001000
In base 10, what is -2287 - 1459?
-3746
In base 14, what is 81 - 25?
5a
In base 6, what is -453 - 233422?
-234315
In base 9, what is 57582 + 2?
57584
In base 12, what is 5 + 2a52?
2a57
In base 16, what is -71640 + 5?
-7163b
In base 6, what is -2 + -20345500?
-20345502
In base 8, what is -20172 - -74?
-20076
In base 12, what is 16 + -88a7?
-8891
In base 9, what is -4 - -73528?
73524
In base 10, what is -72556 + 0?
-72556
In base 11, what is 27 + -a95?
-a69
In base 16, what is -96b + 9?
-962
In base 5, what is 3024 - 330?
2144
In base 7, what is 1 - 6624?
-6623
In base 3, what is 21112 + -20012212?
-12221100
In base 3, what is 12 - -2100012201?
2100012220
In base 14, what is d2 - 6aa?
-5b8
In base 8, what is 14551560 - -3?
14551563
In base 16, what is 1 + 202d?
202e
In base 12, what is 3490 - 164?
3328
In base 3, what is -10 - -100100100?
100100020
In base 3, what is 112 - 1012011012012?
-1012011011200
In base 5, what is -232 - -113?
-114
In base 15, what is 2 - 6021a?
-60218
In base 3, what is 1 - 220110?
-220102
In base 2, what is 101 - -101010010011000101000?
101010010011000101101
In base 15, what is 21 + -99d?
-97c
In base 8, what is 36 + -3643?
-3605
In base 7, what is 4652 - -3463?
11445
In base 11, what is 93a6 + 12?
9408
In base 14, what is -542b + 29?
-5402
In base 11, what is 4a0 - 4?
497
In base 14, what is -2 - -57a3?
57a1
In base 10, what is 0 + -1932538?
-1932538
In base 8, what is 30556 + 1?
30557
In base 10, what is 7 - -362?
369
In base 6, what is -124110 - 1044?
-125154
In base 16, what is 1 - 1de1?
-1de0
In base 8, what is -212 - 16355?
-16567
In base 9, what is -161040 + -2?
-161042
In base 12, what is b68 + 93?
103b
In base 5, what is 333131 - 32?
333044
In base 2, what is -10010111100011001 + 110?
-10010111100010011
In base 9, what is -183 - -10136?
8843
In base 7, what is 16 + 306323?
306342
In base 3, what is 22 - 1100112202?
-1100112110
In base 9, what is -13 - 248?
-262
In base 7, what is 1 + 1050613?
1050614
In base 5, what is -14033 + 21424?
2341
In base 6, what is -4 - -1523142?
1523134
In base 3, what is -1111021220 - 11?
-1111022001
In base 7, what is -2 - -13513544?
13513542
In base 9, what is 112 - 820?
-707
In base 7, what is -464650 - 11?
-464661
In base 13, what is -1 - 119c6?
-119c7
In base 12, what is -3 + 78811?
7880a
In base 15, what is 25e - 128?
136
In base 16, what is 31e - 16f?
1af
In base 8, what is 1066303 - -4?
1066307
In base 8, what is -4520 - 4?
-4524
In base 8, what is -163 - -1175?
1012
In base 9, what is 4 + -53062?
-53057
In base 11, what is -606833 - -5?
-606829
In base 15, what is -123b - -20?
-121b
In base 15, what is 1172e + 8?
11737
In base 6, what is 12151150 - -2?
12151152
In base 15, what is 4 + 1359?
135d
In base 12, what is 87 + 37?
102
In base 13, what is 12a - 4212?
-40b5
In base 16, what is -4 + 20a89?
20a85
In base 6, what is 10242 + 13025?
23311
In base 8, what is -155 - 2220?
-2375
In base 4, what is -12 + 1313000?
1312322
In base 11, what is -12113 - 17?
-1212a
In base 13, what is 26864 - -4?
26868
In base 3, what is -11 + 1002200010220?
1002200010202
In base 14, what is -67b4 - 0?
-67b4
In base 14, what is 75a - 335?
425
In base 7, what is -1462 - 542?
-2334
In base 2, what is 10101 + -10000000?
-1101011
In base 9, what is 554871 + 10?
554881
In base 15, what is 1 + 79cb?
79cc
In base 7, what is 2211 - -2101?
4312
In base 14, what is 1a0 + -55?
149
In base 9, what is 43105 - -8?
43114
In base 2, what is -1001110000000010110111 - -1?
-1001110000000010110110
In base 5, what is -1140242031 - -3?
-1140242023
In base 9, what is -857 - -43?
-814
In base 14, what is -58d - -a5?
-4c8
In base 11, what is 42056 - -31?
42087
In base 4, what is -130333330122 - 2?